-x, 2*x = k - 370 + 887. What is the highest common factor of x and 10614?
87
Let o = 48 - 36. Let d(r) = -r**3 + 13*r**2 - 12*r + 28. Let a be d(o). Let q be 2/4 + 54/4. What is the greatest common factor of q and a?
14
Let x(z) = -8*z**3 - 20*z**2 - 249*z - 50. Let m be x(-23). Calculate the greatest common factor of 11 and m.
11
Suppose 16*f - 35 - 13 = 0. Suppose -4*t + 12 = 0, 2*j - 17 - 6 = -f*t. Calculate the greatest common divisor of 119 and j.
7
Let k(a) = -599*a - 3548. Let l be k(-6). Let p be (-1)/((6/(-2))/138). Calculate the greatest common factor of p and l.
46
Let d(g) = 2*g**2 - 34*g + 80. Let q be d(15). Calculate the greatest common divisor of q and 7510.
10
Let y be 9/6 + (-3)/(-6). Let x = -26 + y. Let n be (-4 + 0)*18/x. Calculate the highest common divisor of 2 and n.
1
Let x = -941 - -127. Let m = -800 - x. Calculate the highest common divisor of m and 378.
14
Let m(f) = f**3 - 9*f**2 + 49*f + 360. Let l be m(27). What is the highest common divisor of 15 and l?
15
Suppose 67*i + 132*i - 13532 = 0. Calculate the greatest common factor of i and 3434.
34
Let k(t) = -t**3 - 32*t**2 - 45*t - 339. Let q be k(-31). Calculate the greatest common factor of q and 1.
1
Suppose 3*r + 5*s - 5 = -4, 5*r - 3*s - 13 = 0. Let p be ((-1140)/70)/(r/(-7)). Calculate the greatest common factor of 95 and p.
19
Let y be (4 - (-9)/(-3))*(-110)/(-10). What is the highest common factor of 1639 and y?
11
Let v(h) = 3*h - 1. Let w be v(-14). Let x = -38 - w. Suppose -633 = -x*a + c, -451 + 70 = -3*a + c. What is the highest common factor of 18 and a?
18
Suppose 114 = -t + z, -2*t - 3*z - 214 = 2*z. Let h = t + 47. Let b be (-11)/(-22)*-1*(1 + h). Calculate the highest common divisor of 224 and b.
32
Let f(w) = -18*w - 9. Let c be f(-1). Suppose -2*m - m - a = -71, -a - 73 = -3*m. Suppose 5*b - c*b = -m. What is the highest common divisor of 48 and b?
6
Let i be (-96)/(-240) - 84/(-15). What is the highest common factor of 1803 and i?
3
Suppose 4*j = -10*x + 9*x + 8, -62 = -4*x - j. What is the highest common factor of x and 1000?
8
Let c = 9989 - 9749. Calculate the greatest common factor of 84 and c.
12
Suppose 59854 = 23*u - 154100 - 55698. What is the highest common divisor of u and 24?
12
Suppose -17*c - 1240 = -18*c + w, 0 = -c - 2*w + 1237. Calculate the highest common factor of 84 and c.
21
Let q = 7412 + -6255. What is the greatest common divisor of 178 and q?
89
Let o be (-15)/(((-256)/24 + 10)*(-2)/(-4)). Let z = 28 - -14. Suppose z + 3 = 3*w. Calculate the highest common divisor of w and o.
15
Let m(z) = -z**3 - 50*z**2 + 102*z - 1. Let a be m(-52). Calculate the highest common divisor of 1133 and a.
103
Suppose -k = -o - 8, -o - 38 + 15 = -4*k. Calculate the highest common divisor of 835 and k.
5
Let s be 4/(20/(-3)) - 63/(-5). Suppose u = -s + 7, 0 = -2*c - 2*u + 38. What is the highest common divisor of c and 228?
12
Let b = 669 - 110. What is the greatest common divisor of b and 129?
43
Suppose -30*l + 26*l - 416 = -8*l. Calculate the greatest common factor of 5876 and l.
52
Let b = -156 - -390. Suppose -d = -252 + b. Suppose o = -o + 54. Calculate the highest common divisor of o and d.
9
Suppose -135*a + 3494 + 3817 = -5649. Calculate the greatest common divisor of 128 and a.
32
Let p = -124 - -1591. Calculate the greatest common factor of p and 27.
9
Suppose 2*v + 9 = 43. Let c(z) = -7*z**3 + 2*z**2 - z. Let l be c(1). Let k be 68/l*(-15)/10. Calculate the greatest common divisor of k and v.
17
Let s be -77*1*(7 - 8) - (3 - -5). Calculate the highest common factor of s and 6256.
23
Let z = -33807 + 51292. Calculate the highest common divisor of z and 130.
65
Suppose 30*r - 12 = 27*r. Suppose -t + 0 = -2. Suppose -t*a + 3 = -1. Calculate the greatest common factor of a and r.
2
Let r(u) = 87*u - 4227. Let f be r(55). Calculate the highest common divisor of 124 and f.
62
Suppose 58*h - 30 = 53*h. Let f be (-4)/h - 4356/(-54). What is the highest common divisor of 40 and f?
40
Let a(f) = 2*f**2 + 4*f + 1. Let x be a(-4). Let q(g) = -457*g + 2. Let v be q(-1). Let o = v + -323. Calculate the greatest common factor of o and x.
17
Let l = 572 + -427. What is the greatest common factor of 45 and l?
5
Let y(f) = -118*f + 44. Let s be y(-2). Suppose 6*j - 5*j = 2. Suppose 20 = j*o - 60. Calculate the greatest common divisor of s and o.
40
Suppose -3*g - 507 = 3*j, 0 = 23*g - 28*g + 5*j - 835. Let v be ((-2915)/(-212))/((-2)/g). What is the greatest common divisor of 105 and v?
105
Let p(c) = -c**2 + 4*c - 3. Let b be p(0). Let g(q) = 18*q**2 - q - 10. Let i be g(b). Let s = -134 + i. What is the greatest common divisor of 14 and s?
7
Let u(z) = -2*z**3 + 59*z**2 + 164*z - 38. Let a be u(32). Calculate the highest common divisor of 14010 and a.
30
Let n be (48/(-10))/((-20)/50). Suppose n*b - 16*b = -20. Calculate the highest common factor of b and 80.
5
Suppose 7*y = -2*y + 27. Let j(w) = -w**2 - 2*w + 15. Let o be j(y). Suppose c - 9 = -4*g + 6*g, -3*g = o. Calculate the highest common factor of 3 and c.
3
Let u be 3*4/(-1)*1/(-2). Suppose u*v - 25 = 95. Calculate the highest common factor of v and 40.
20
Suppose -25*p + 2*x + 21 = -20*p, -4*p = 4*x - 28. Suppose p*q = -8 + 28. Calculate the highest common divisor of q and 20.
4
Suppose -3*m + 343 = 4*j + 31, 0 = -5*j - 3*m + 390. Suppose -u + z + 704 = 0, 2796*u = 2792*u + 3*z + 2814. Calculate the highest common divisor of u and j.
78
Let d be 4/(8 + (5508/(-693) - 0)). What is the greatest common divisor of 1375 and d?
11
Let o = -3982 - -5671. Calculate the greatest common factor of 3 and o.
3
Let f be ((-104)/10)/((-65)/(-25) + -3). Let h = f + -27. Let d be 2 - (2 - (5 + h)). What is the greatest common divisor of d and 32?
4
Let i = -79 - 97. Let t be (-12364)/i + (-1)/4. Let u(w) = 19*w - 1. Let f be u(3). What is the highest common divisor of t and f?
14
Let l be (-99)/(-132) + 57/4. Suppose 0 = 4*v - l + 3. Suppose -2*p + 508 = v*m, 2*p - 855 = -5*m + 7*p. What is the greatest common factor of 68 and m?
34
Suppose 16*c + 44 = 19*c - 2*s, 4*c = 4*s + 56. What is the greatest common divisor of c and 1024?
16
Let t be 3 - ((71 - 4) + -11)*15/(-4). What is the greatest common divisor of 2059 and t?
71
Suppose 18*b - 2502 = 180. Calculate the highest common factor of 2 and b.
1
Let f(u) = 35*u**2 + 4*u + 35. Let s be f(-5). What is the greatest common factor of s and 4806?
178
Let x be -5 + (-520)/(-2 + 6). Let y be -3 + 0 + x/(-3 - 0). What is the highest common divisor of 672 and y?
42
Suppose -8*c = -13*c - 5. Let n be (c + 2)/((-3)/(-9)). Suppose -b = -3*q + 10, 5*q - n*b + 1 = 19. Calculate the greatest common divisor of q and 3.
3
Let u be 5/10 - (-2020)/(-8)*-1. Suppose 64 - u = -9*j. Calculate the highest common factor of j and 189.
21
Suppose -4*o - 3*q + 738 = 0, 4*o + 6*q - 702 = 9*q. What is the highest common divisor of o and 504?
36
Let f be (-68)/(-2) + 2*(-6 + 5). Suppose r + 3*u - 3 = 0, -5*r + 2*u - u = -31. Let s be ((-2)/r)/(17/(-102)). What is the highest common factor of s and f?
2
Let g = 302 - -127. Suppose 9*s - 12*s = -g. Suppose 0*t + 65 = 5*t. Calculate the highest common divisor of t and s.
13
Let o(b) = -19*b**3 + 12*b**2 + 71*b + 20. Let x be o(-4). Calculate the greatest common factor of 1859 and x.
143
Let l = 26 - -19. Suppose -4*i + 232 = -f, 5*i + 321*f - 324 = 318*f. Calculate the highest common divisor of l and i.
15
Let a = -229 + 458. Suppose 15*s - 709 = -a. Calculate the greatest common factor of 4 and s.
4
Let d(r) = 4*r**2 + 13*r. Let o be d(-4). Let q be 16/o*1/(-1)*-3. Suppose -j - t = q*j - 397, -j = -5*t - 95. Calculate the greatest common factor of j and 32.
16
Suppose 142 = 6*t + 10. Suppose -4*a + t = 7*a. Suppose 0 = 3*h - j - 148, a*j - 16 = 6*j. Calculate the greatest common factor of 80 and h.
16
Suppose -3*p + 4*u + 101 = 0, 6*p + u - 130 = p. Let k = p + 8. Let y be 10/k + 542/14. What is the greatest common divisor of 52 and y?
13
Let n be (-4)/7 + ((-23)/(2093/(-1690)) - 7). Let t(h) = -h**3 - 2*h**2 - 3*h + 3. Let b be t(-6). Calculate the greatest common divisor of n and b.
11
Let p = -142 + 367. Suppose -2*w = -6*w - 2*s + 58, -3*s = 21. What is the greatest common factor of p and w?
9
Let s = -2474 - -2546. Calculat